3 + -2)) + -5.
3
What is -11 - 0 - 1 - (3 - 3 - 2)?
-10
Calculate -5 + -23 + 17 - (1 + 1).
-13
Calculate (-8 - 0) + (-25 - -4 - -27).
-2
What is (15 + -7 - 14) + 1 - -6?
1
Evaluate -7 + (28 - (9 + -2 - -1)) - 7.
6
273 - 278 - (6 + 0)
-11
Calculate -12 + (-15 - (-27 + 5)).
-5
What is the value of 369 + -377 + -2 + 15?
5
Evaluate 31 + (2 - 3) - ((47 - 39) + -3).
25
(-18 - 7) + (164 - 139)
0
What is (1 - 6) + -2 + (-205 - -202) + 7?
-3
What is 36 + -24 + 0 + -24?
-12
What is 2 - ((-11 - -3 - -13) + 0)?
-3
What is -10 + 4 + 2 + 2 + (15 - 1)?
12
Calculate (1 + -14 - 1) + 11 + 1.
-2
What is the value of (-10 - (-15 + -11)) + -33 - -17?
0
Evaluate -1 + -23 + 4 + (13 - 25) + 11.
-21
Calculate 4 - ((3 - 10) + 11).
0
Calculate 7 - ((-34 - -36) + (0 - -5 - -1)).
-1
Calculate (-1 - 28 - (-262 + 262)) + 1.
-28
43 - -29 - (44 - -2)
26
What is (1 - -8) + 1 + (-168 - -177) + -1?
18
What is -1 + -32 - (863 + -904)?
8
19 + -1 - (-258 + 256) - (10 + -3)
13
5 + -2 - (-2 + 7) - (-10 - -16)
-8
-40 - -54 - (12 - 14)
16
What is the value of (18 - (18 + -20 + -10)) + 2?
32
Evaluate 7 + -2 + (9 + -2 - -1).
13
What is (-3 - -1) + (-4 - (-8 - -7) - 3)?
-8
What is (-5 - -20) + 9 + -2 + -17?
5
Evaluate (11 + -8 - (-1 + -1)) + 2.
7
What is the value of (-6 - -1) + (0 - -1) + (-694 - -692)?
-6
-21 + -2 - (15 - 28)
-10
What is the value of (-23 - ((13 - 8) + -2 + -6)) + 6?
-14
What is the value of 1829 - 1856 - (-1 - 33)?
7
What is the value of (10 - (8 - -9)) + (6 - 8) + 22?
13
What is (0 + -17 - 1) + 36 + (16 - 47)?
-13
-20 - (-27 + (22 - 24))
9
25 + 3 + -9 + -5
14
Evaluate -2 - -1 - (346 - 337 - (0 + 20)).
10
What is the value of 21 + -19 + (0 - -4 - 0) + 3?
9
What is 0 + (10 - (9 + -9)) + (-4 - -13)?
19
Calculate 24 + -3 + 14 + -20.
15
(1 - -2) + -153 + 120
-30
-19 + 24 - -26 - 5
26
What is the value of 17 + -9 + 8 + -2 + -5 + 9?
18
Evaluate -12 + 8 - (4 - (-12 - 3)).
-23
What is (0 - (-10 + 1 + 2) - -3) + 6?
16
Evaluate 7 - (14 + 1 + (14 - 13) + 1).
-10
What is the value of 3 - (0 - 0) - (-3 + -8 + 9)?
5
2 - (3 - -5 - -9)
-15
What is the value of -5 + 8 + (1 - 5) + -6 - -7?
0
Calculate -34 - (3 + 18 + -38).
-17
What is -24 + (-21 - -45) - (1 + -4 - -11)?
-8
Calculate 0 + (-17 - -17) + 13.
13
What is the value of 6 + 0 + 2 + -4 + 3 + -8?
-1
What is -15 + 13 + 17 + (1 - 0)?
16
What is the value of (-25 + 71 - 28) + -8?
10
What is the value of (287 - 289) + 17 + -2?
13
What is (-39 - ((-7 - (-7 + 3)) + 4)) + 12?
-28
(52 - 52 - (-19 + 4)) + -32
-17
What is -11 + (249 + -230 - (20 + -2))?
-10
Calculate -15 - (-6 + 12 + (-12 - (-2 - 7))).
-18
Evaluate 1 - (-2 - 9 - -2).
10
What is -11 - (-1 - (17 + -13))?
-6
Evaluate (-1 - (-5 + -2) - -3) + -19.
-10
What is the value of 10 + -6 - (2 - (-4 + 9 + 3))?
10
Calculate 11 - ((-7 - 2) + 8 + 9 - 4).
7
Evaluate (-31 + 16 - -10) + 12 + -5.
2
What is the value of -33 + (-59 - -99) + 7 + -1?
13
Evaluate 14 - ((6 - -7) + 4) - -24.
21
Calculate -25 + 24 + ((1 - -1) + -1 - 6).
-6
What is (1 - 2) + (-17 + 36 - 18)?
0
Calculate (-3 + -1 - 1) + -3292 + 3309.
12
What is the value of -10 + (9 - (4 + (6 - (17 + -6))))?
0
What is the value of -52 - (7 + -38 + 4)?
-25
What is (-4 - 5) + 24 + -23?
-8
What is the value of (-1 - -1) + 1 + (-25 - -12)?
-12
Calculate 25 + (-11 - -5) - (5 - (-3 - -2)).
13
What is -3 + (-6 - (-17 + (2 - -6))) - 9?
-9
4 - (-2 - (37 + -62))
-19
What is 8 + (23 - -5) - (-10 - (8 + -27))?
27
Calculate 60 + -25 + -49 + 1 + -10.
-23
-55 - (-28 + (-29 - -41))
-39
Calculate -6 - 8 - (4 - 39).
21
Evaluate -18 + 19 + -9 + (1 + 0 - -4).
-3
Calculate (3 + -9 - -11) + (-2 - 1) + -6.
-4
What is the value of 28 + (0 - -22) + -35?
15
1 + (-17 - (1 + -1))
-16
What is (35 - 41 - -21) + -8?
7
Calculate 0 - 12 - 0 - (5061 + -5046).
-27
Calculate 7 + (-14 - -10 - 4).
-1
What is 17 - (14 + (6 - 15))?
12
What is -5 + (-13 - -50) + -5?
27
(-13 - -14) + (-7 - -2) - (3 + -19)
12
What is the value of (1048 - 1058) + -2 + (27 - (1 - 0))?
14
What is 2 + -11 + (5 - 6)?
-10
9 + 7 + (15 - 8 - 9)
14
Calculate -8 + 14 + -6 + (-7 - -1).
-6
Calculate -17 + (-18 - -49) + -16.
-2
Calculate (-6 - (-8 + -5) - 11) + 7 + 2.
5
Evaluate -6 + 0 + -6 + (4 - 5).
-13
What is the value of -13 - -31 - -1 - 6?
13
-8 - (11 + -29) - 8
2
What is the value of -95 - -85 - (0 - 17)?
7
Calculate (-20 - -8) + 29 - -9 - 12.
14
Calculate (15 - -26) + 9 + (-2 - 15).
33
What is the value of (-15 - 8) + (31 - 30 - 16)?
-38
Evaluate -29 + 21 + (-2 - 10) + 31.
11
Calculate (-2 - -5) + 22 - 1.
24
Evaluate -16 + 3 - (-37 - -29).
-5
-11 + (18 - 18) + (8 - 2)
-5
What is the value of -10 - -15 - (-2 + -1)?
8
What is the value of -4 - ((-5 - -6) + 2 + -2 + 1)?
-6
Evaluate 801 - 803 - (-1 - (-10 + -1 + -2)).
-14
Calculate -81 + 35 - -3 - -32.
-11
5 + (0 - (5 + -5)) - (131 + -127)
1
8 - 11 - (-12 + 1 + (-1 - -3))
6
Evaluate 3 - 2 - (-5 + (-8 - -7)).
7
1 - (-9 - (-7 - 6 - -22))
19
2 - (-8 - (1 - 7)) - -7
11
What is -24 - -18 - (-4 + (28 - -2) - -4)?
-36
What is the value of 4 + 26 + -11 + -7?
12
Evaluate 12 - (6 - (-6 - -5 - -12)).
17
9 + (0 - (7 + -4))
6
What is the value of 25 + -29 + 9 + (-10 - -2)?
-3
What is the value of 11 - 1 - (-24 - -50)?
-16
Evaluate -12 + 9 - (5 + 1 + -16).
7
(45 - 36) + (17 - 16) + 0 + 10
20
Calculate 4 + -2 + 4 + 5.
11
Calculate 6 + 5 + -9 - 2 - -8.
8
Calculate 20 + (-11 - 10) - (-2 - -3).
-2
Evaluate 3 + -6 - (-52 - -44).
5
Evaluate 0 - (2 - -1) - (12 + -13).
-2
What is the value of (-10 + -9 + 10 - 5) + 5 + 15?
6
3 - 16 - 4 - (3 + -6 - -2)
-16
Evaluate -4 + (-2 - -22) + (8 - 5).
19
Calculate -15 + (-27 + (-15 - -7) - -15).
-35
What is the value of (54 - 59) + -4 + 0 - -16?
7
What is 5 - (19 - (6 + 8))?
0
What is (5 - 1) + 2 + 12 + -55?
-37
-6 + 1 + -12 + (-34 - (-27 + 0))
-24
What is -7 - (8 - 1) - (15 + -30)?
1
What is 15 + -2 + 12 + -10 + -4?
11
What is the value of (-4 - -14) + (4 + -6 - (0 - -3))?
5
4 + -2 + -19 + (-4 - -12)
-9
Calculate (13 - 6) + (3 - (21 + 4 + -9)).
-6
What is the value of -3 + -2 - (20 + -14 + -6) - -5?
0
What is the value of -1 + (3 - 9) - 2?
-9
(13 - 3) + -13 + 15
12
What is 1 + 2 + (25 + -6 - 32)?
-10
Calculate 19 + -11 + -22 + 4.
-10
Calculate -14 + 32 + -16 + 0.
2
Evaluate -10 - (-23 + 20 + 11).
-18
What is the value of (-9 - -18) + 1 + 5 + -1?
14
Evaluate 33 + -27 - (-14 - (-3 - -6)).
23
What is 4 - (3 + 3) - -3 - (-75 - -70)?
6
What is -3 + -8 + 15 + 1?
5
23 + -11 - (0 - 1 - (34 - 86))
-39
What is the value of (4 - 12) + 6 + 14?
12
Calculate -15 + (-17 - -30) - -15.
13
What is the value of (-5 + 0 - 1) + -938 + 926 + 3?
-15
Evaluate (-2 - -36 - -11) + -24.
21
Calculate 1 + 2 + 31 - (-13 + 38 - 14).
23
Calculate (2 - (14 - 12)) + (-2 - -2 - -2).
2
What is 0 + -7 + 1 + -10 + -6 + 19?
-3
What is -12 - ((1 - -4) + 5 + -20)?
-2
What is the value of -19 - -5 - (-16 - 21)?
23
5 + (-14 + (12 - 4) - -9)
8
What is 20 - (-8 + -7 + 24)?
11
-6 + (-25 - -26) + 1 + -7
-11
What is 2 - ((-6 - -9) + -14 + -3 + 2)?
14
Evaluate -22079 + 22051 - (0 + 0 + 1 + 1).
-30
-3 - -7 - (9 - (-5 - -7) - -4)
-7
(6 - (9 - -26)) + 28
-1
What is 13 + -19 + (42 - 6) + -15?
15
(-2 - -11) + -1 + (-6 - (47 + -57))
12
What is (-34 - (-12 - 18)) + (1 - -1) + -4?
-6
What is -3 + -4 + (0 - -4 - 5)?
-8
What is (61 - 52) + 2 + 0?
11
14 + -15 + -12 + 5 - (-2 - 16)
10
Evaluate -6 + 15 - 5 - (-8 - -2).
10
What is the value of (-7 - 1 - 0) + (0 - -1) + -3?
-10
Calculate -214 + 230 + (0 + -1 - 7) - -9.
17
What is the value of 24 + 2 + (4 + -9 - (2 + 0))?
19
Calculate (-5 - ((5 - 10) + -2)) + 5.
7
What is (-10 - (-17 + 1)) + -10?
-4
-6 + 43 + -22 - 19
-4
Evaluate ((0 - -3) + 5 + -1 - 18) + -4.
-15
8 + (-3 + 2 - 17)
-10
Calculate 106 - 105 - (1 - -8).
-8
Calculate -8 + (-54 - -25) + 16.
-21
What is 16 + -4 + -10 + -4 - (-19 - 0)?
17
8 - (41 + -13 - (1 + 6))
-13
Calculate 21 - ((-20 - -9) + -1 + 8).
25
What is the value of 2 + -10 + (1 - -11) - 2?
2
What is the value of (1 + (-4 - 1) - -2) + 9?
7
What is -455 + 456 + (0 - 1)?
0
What is 8 - 22 - (0 + -3)?
-11
Evaluate -10 - (-2 + -3 + -2 + 10 - 5).
-8
What is the value of -25 - (-18 + -13 + 31)?
-25
What is 26 + 12 + -16 - 9 - 19?
-6
(15 - 10) + -4 - 11
-10
What is -2 + 12 - (1 - -27)?
-18
Calculate (-10 - 6) + 30 + -7.
7
10 - -4 - 39 - -57
32
Evaluate -13 - (-13 + 13 + -8 + 5 + -1).
-9
Evaluate -2 + -17 + (-67 - -69) - -11.
-6
What 